2032 (base 6) to base 5
240140320
What is 377189 (base 12) in base 7?
10453356
Convert -24001148 (base 9) to base 11.
-6666877
What is -778943 (base 10) in base 9?
-1416452
Convert 233210011 (base 4) to base 12.
948b1
3012600 (base 7) to base 15
708a3
37aa54 (base 13) to base 14
26b623
What is 43389 (base 10) in base 11?
2a665
Convert -46a93 (base 14) to base 16.
-2a0b9
-120110202212 (base 3) to base 16
-4a5ac
430231 (base 7) to base 15
17151
5641299 (base 10) to base 5
2421010144
What is 10011000110011111010 (base 2) in base 10?
625914
-10111001001011000 (base 2) to base 4
-113021120
Convert -14161213 (base 7) to base 10.
-1325803
11111111010011 (base 2) to base 3
211102011
550415413 (base 6) to base 12
3361569
17586a5 (base 12) to base 15
65ae1b
What is -11022112011212 (base 3) in base 12?
-927365
Convert -b24b (base 16) to base 10.
-45643
Convert 403647 (base 8) to base 16.
207a7
What is -35739 (base 13) in base 7?
-555264
What is -5752a (base 11) in base 9?
-136058
Convert -2c9913 (base 14) to base 13.
-42962a
Convert -e7935b (base 16) to base 9.
-31501261
Convert 321330121 (base 4) to base 7.
2005642
What is -30421130 (base 5) in base 11?
-15a5a9
-14353321 (base 9) to base 8
-33124356
Convert -372374 (base 8) to base 12.
-62278
What is 1221120202221 (base 3) in base 12?
41ab74
What is 1a1515 (base 11) in base 4?
1023202211
-310023333 (base 4) to base 12
-a3853
Convert 12021022102 (base 3) to base 13.
382b5
-1e811 (base 16) to base 3
-20100101121
Convert -18b106 (base 14) to base 11.
-548894
a5c694 (base 15) to base 8
36057740
What is 36a44a (base 11) in base 16?
8ec8f
Convert 1a49a5 (base 15) to base 5.
312000210
What is 412743 (base 8) in base 12?
67117
Convert -443301243 (base 5) to base 14.
-383c48
Convert -488a26 (base 11) to base 4.
-2330301202
101030 (base 10) to base 7
600356
Convert -286a6a4 (base 11) to base 12.
-179b072
Convert -35c06 (base 16) to base 11.
-140461
Convert 2431b (base 13) to base 9.
111123
1397b3 (base 12) to base 14
87619
15255196 (base 10) to base 11
867a500
2310322122 (base 5) to base 15
6c1027
11222112121 (base 3) to base 15
1e0da
What is 42e9f3 (base 16) in base 2?
10000101110100111110011
-31200 (base 13) to base 14
-24214
105468 (base 15) to base 16
bdc20
Convert 101001021102220 (base 3) to base 16.
51797d
-ade77 (base 15) to base 5
-120202022
What is -61083 (base 11) in base 3?
-11112110020
1100111110110010011 (base 2) to base 16
67d93
-586860 (base 10) to base 7
-4662651
1212254 (base 6) to base 14
194a6
Convert 14c3d31 (base 14) to base 11.
580491a
What is -199946 (base 14) in base 16?
-de30a
What is -5179c0 (base 13) in base 15?
-2788a7
-1600705 (base 8) to base 7
-3621535
-60300 (base 10) to base 6
-1143100
1530164 (base 8) to base 11
27a405
What is 7b48b2 (base 13) in base 8?
13115763
What is -100410103 (base 8) in base 16?
-1021043
Convert 11133202 (base 4) to base 3.
1010212021
What is 141020152 (base 7) in base 4?
203001211012
Convert 92b8b (base 16) to base 10.
600971
What is 1040541 (base 8) in base 16?
44161
-5085b (base 12) to base 16
-199c7
Convert 1d75b (base 15) to base 3.
11212220112
Convert -90e3d (base 15) to base 10.
-458833
What is 32064b8 (base 13) in base 16?
e87f9e
112311302 (base 4) to base 9
152288
-242752 (base 8) to base 7
-465151
-67113 (base 15) to base 7
-2533104
What is 10156055 (base 7) in base 3?
1121102002102
What is 135011405 (base 6) in base 8?
12403475
Convert 31235014 (base 6) to base 13.
259aaa
Convert 2532043 (base 7) to base 3.
121121220111
Convert -e19 (base 16) to base 14.
-145b
Convert 446a778 (base 11) to base 3.
112201221012221
What is -2641c (base 14) in base 4?
-112332122
-285347 (base 9) to base 13
-61585
-249104 (base 14) to base 6
-42514304
-251132 (base 8) to base 7
-510350
Convert 21999 (base 15) to base 7.
623232
11b2242 (base 12) to base 7
41316005
What is 105516021 (base 7) in base 12?
21a7903
3222123 (base 9) to base 12
6b3593
Convert 1322338 (base 9) to base 12.
2aa7b2
Convert -17b97 (base 16) to base 3.
-11221022002
824a1 (base 12) to base 11
106833
Convert 2151432 (base 7) to base 8.
1004740
Convert -3700d (base 16) to base 4.
-313000031
12303451 (base 7) to base 3
2002102100111
Convert 20801 (base 9) to base 14.
5039
Convert -1a167 (base 14) to base 15.
-148e8
Convert 224aed (base 16) to base 10.
2247405
4312264 (base 7) to base 2
1111111111111011000
What is -9956 (base 11) in base 12?
-7721
Convert 73ce78 (base 15) to base 9.
11330025
Convert 100200202121222 (base 3) to base 10.
5152301
What is -5454442 (base 6) in base 13?
-969b3
What is 9019 (base 10) in base 3?
110101001
Convert 22752 (base 16) to base 9.
234540
What is -7e4bb8 (base 15) in base 14?
-b334dd
What is -1023341213 (base 5) in base 7?
-24300412
What is a96724 (base 12) in base 2?
1010001111110110001100
17400077 (base 8) to base 9
7572712
What is 11110110000101110111 (base 2) in base 3?
1220012201000
Convert 4321240 (base 5) to base 11.
500a5
Convert 130333111 (base 4) to base 11.
81237
-48a52 (base 13) to base 14
-36973
-1001020320 (base 4) to base 8
-1011070
3413004213 (base 5) to base 6
425433453
Convert -123021313322 (base 4) to base 15.
-959205
Convert -47728 (base 15) to base 2.
-110111100110011010
Convert -2213011000 (base 4) to base 9.
-1252671
d919 (base 14) to base 15
b174
What is 140078 (base 11) in base 4?
311220310
Convert 10111540 (base 6) to base 8.
1065224
What is 47fd52 (base 16) in base 12?
16b632a
660e3 (base 15) to base 10
324213
Convert -101011001100100010 (base 2) to base 8.
-531442
Convert -3104740 (base 8) to base 12.
-337654
What is 3e8318 (base 15) in base 16?
2dffad
Convert -1013671 (base 8) to base 13.
-95111
-10114314 (base 6) to base 16
-46cc6
What is -1133115 (base 6) in base 7?
-334025
-70a74 (base 12) to base 3
-21110012121
1452543 (base 7) to base 4
300103110
18879 (base 13) to base 10
47589
12a38 (base 13) to base 12
180b0
Convert 11001011001001110111000 (base 2) to base 7.
110404011
Convert 60849 (base 14) to base 11.
149447
-43225304 (base 6) to base 8
-4702110
-453903 (base 11) to base 8
-2603076
12403022 (base 5) to base 8
356626
4140331241 (base 5) to base 15
b36816
-442082 (base 9) to base 5
-31421342
1829a9 (base 12) to base 9
708523
What is 24d11 (base 15) in base 14?
30c67
Convert -2245131 (base 7) to base 3.
-112020111120
39894 (base 13) to base 2
11010000110110001
Convert 487158 (base 13) to base 6.
101021533
What is 28371011 (base 9) in base 2?
110101100100000010111111
What is -355951 (base 11) in base 2?
-10001001101110111110
-dc0831 (base 15) to base 4
-213332321011
1172a3 (base 11) to base 16
2d414
10201121001 (base 3) to base 10
73333
Convert 32886 (base 15) to base 4.
213030213
What is -2469a (base 16) in base 10?
-149146
Convert 11b149 (base 12) to base 13.
a1598
Convert 1011011100011010111 (base 2) to base 6.
12012035
-1145004 (base 6) to base 8
-166434
Convert -31d34 (base 15) to base 5.
-20030344
What is 11010010010010100011 (base 2) in base 12?
35656b
2ab52 (base 14) to base 12
51770
What is -27a8b (base 16) in base 10?
-162443
Convert 1260095 (base 10) to base 16.
133a3f
Convert -8108aa (base 11) to base 9.
-2406841
7036a6 (base 12) to base 5
421413443
Convert 4040122 (base 5) to base 3.
10022012210
-1000100011001100000 (base 2) to base 13
-9a69a
-605435 (base 7) to base 2
-11001000101111011
112232012 (base 5) to base 14
d33b0
-110342 (base 5) to base 7
-14134
What is 1011011010011111101 (base 2) in base 9?
630040
-11765545 (base 9) to base 2
-10110000000111111001010
Convert 453414 (base 6) to base 3.
1221122201
What is -10011111111111100001 (base 2) in base 4?
-2133333201
496b8 (base 13) to base 11
92623
Convert -2465079 (base 11) to base 10.
-4281913
-5192e (base 15) to base 10
-258569
Convert c8b46 (base 13) to base 11.
228166
31513252 (base 6) to base 5
214134032
636829 (base 11) to base 13
298bb1
What is -1122000220 (base 3) in base 4?
-13311210
-75341 (base 14) to base 10
-283277
Convert 391432 (base 11) to base 13.
187970
-1092a5 (base 14) to base 7
-4533365
164212 (base 7) to base 13
11b5a
Convert -58233 (base 15) to base 2.
-1000100100000101111
-222838 (base 9) to base 4
-200203301
Convert 7237 (base 8) to base 5.
104433
Convert 71b7 (base 13) to base 15.
49b8
244441430 (base 5) to base 10
1171490
-ba95c (base 